{"id":2275,"date":"2022-02-14T05:17:39","date_gmt":"2022-02-14T05:17:39","guid":{"rendered":"http:\/\/vykmoquegua.com\/?post_type=product&#038;p=2275"},"modified":"2025-10-27T05:34:20","modified_gmt":"2025-10-27T05:34:20","slug":"data-logger-tinytag","status":"publish","type":"product","link":"https:\/\/vykmoquegua.com\/index.php\/producto\/data-logger-tinytag\/","title":{"rendered":"DATA LOGGERS &#8211; GEMINI TINYTAG"},"content":{"rendered":"<p>El maderero de datos m\u00e9dico de la charla 2 de Tinytag es una manera simple, rentable de supervisar la temperatura de productos farmac\u00e9uticos en los refrigeradores, congeladores y refresca almacenaje (ambiente). Utilizado extensamente por las farmacias del hospital, las cirug\u00edas y la salud se centra, los expedientes del maderero autom\u00e1ticamente y los almacenes una historia completa de la temperatura. El maderero m\u00e9dico de la charla 2 de Tinytag tiene dos alarmar que puedan ser usuario fijado en los niveles altos y bajos espec\u00edficos a los productos que son supervisados. Practicando una abertura estos set-points disparar\u00e1 una luz roja que destella, permitiendo el gravamen del punto de los niveles de temperatura en curso. Esta unidad compacta, con pilas es confiable y altamente exacta. Dise\u00f1ado con una respuesta de la temperatura similar a muchos formatos de la vacuna, perfila exactamente los cambios de temperatura experimentados por los productos farmac\u00e9uticos que son supervisados. El intervalo de la grabaci\u00f3n es definido por el usario y una capacidad de memoria de 16.000 lecturas, \u00e9ste proveer\u00eda de seis meses de datos con una lectura cada media-hora. La historia de la temperatura se transfiere f\u00e1cilmente a una PC usando un cable del USB, donde el software del explorador de Tinytag producir\u00e1 autom\u00e1ticamente un gr\u00e1fico y una tabla de los datos, creando un expediente permanente.<\/p>\n<h2 class=\"sc-1a7juzs-2 cKPwRF\">Car\u00e1cteristicas<\/h2>\n<dl class=\"sc-mgb5nu-0 gedvae\">\n<dt>Magnitud grabada de temperatura<\/dt>\n<dt>Conexi\u00f3n : USB<\/dt>\n<dt>Tipo de visualizaci\u00f3n : sin pantalla<\/dt>\n<dt>Aplicaciones . para aplicaciones farmac\u00e9uticas<\/dt>\n<dt>Otras caracter\u00edsticas : programable<\/dt>\n<\/dl>\n<p>NO INCLUYE &#8211;\u00a0 software Tinytag Explorer\u00a0 ni cable USB (CAB-0005-USB)<\/p>\n","protected":false},"excerpt":{"rendered":"<p>MARCA : Gemini TinyTag<\/p>\n<p>MODELO : TALK 2 TK-4014-MED<\/p>\n<p><span class=\"sc-1nqzt6e-0 VJmlf\">Registrador de datos de temperatura<\/span>\u00a0<span class=\"sc-1nqzt6e-1 hSlGKq\">-40 &#8230; +85 \u00b0C | TK-4014-MED<\/span><\/p>\n<p>NO INCLUYE &#8211;\u00a0 software Tinytag Explorer\u00a0 ni cable USB (CAB-0005-USB)<\/p>\n","protected":false},"featured_media":2277,"comment_status":"open","ping_status":"closed","template":"","meta":{"site-sidebar-layout":"default","site-content-layout":"default","ast-site-content-layout":"default","site-content-style":"default","site-sidebar-style":"default","ast-global-header-display":"","ast-banner-title-visibility":"","ast-main-header-display":"","ast-hfb-above-header-display":"","ast-hfb-below-header-display":"","ast-hfb-mobile-header-display":"","site-post-title":"","ast-breadcrumbs-content":"","ast-featured-img":"","footer-sml-layout":"","ast-disable-related-posts":"","theme-transparent-header-meta":"default","adv-header-id-meta":"","stick-header-meta":"","header-above-stick-meta":"","header-main-stick-meta":"","header-below-stick-meta":"","astra-migrate-meta-layouts":"default","ast-page-background-enabled":"default","ast-page-background-meta":{"desktop":{"background-color":"var(--ast-global-color-4)","background-image":"","background-repeat":"repeat","background-position":"center center","background-size":"auto","background-attachment":"scroll","background-type":"","background-media":"","overlay-type":"","overlay-color":"","overlay-opacity":"","overlay-gradient":""},"tablet":{"background-color":"","background-image":"","background-repeat":"repeat","background-position":"center center","background-size":"auto","background-attachment":"scroll","background-type":"","background-media":"","overlay-type":"","overlay-color":"","overlay-opacity":"","overlay-gradient":""},"mobile":{"background-color":"","background-image":"","background-repeat":"repeat","background-position":"center center","background-size":"auto","background-attachment":"scroll","background-type":"","background-media":"","overlay-type":"","overlay-color":"","overlay-opacity":"","overlay-gradient":""}},"ast-content-background-meta":{"desktop":{"background-color":"var(--ast-global-color-5)","background-image":"","background-repeat":"repeat","background-position":"center center","background-size":"auto","background-attachment":"scroll","background-type":"","background-media":"","overlay-type":"","overlay-color":"","overlay-opacity":"","overlay-gradient":""},"tablet":{"background-color":"var(--ast-global-color-5)","background-image":"","background-repeat":"repeat","background-position":"center center","background-size":"auto","background-attachment":"scroll","background-type":"","background-media":"","overlay-type":"","overlay-color":"","overlay-opacity":"","overlay-gradient":""},"mobile":{"background-color":"var(--ast-global-color-5)","background-image":"","background-repeat":"repeat","background-position":"center center","background-size":"auto","background-attachment":"scroll","background-type":"","background-media":"","overlay-type":"","overlay-color":"","overlay-opacity":"","overlay-gradient":""}}},"product_brand":[],"product_cat":[22],"product_tag":[],"class_list":{"0":"post-2275","1":"product","2":"type-product","3":"status-publish","4":"has-post-thumbnail","6":"product_cat-equipo-medico","7":"desktop-align-left","8":"tablet-align-left","9":"mobile-align-left","11":"first","12":"instock","13":"sale","14":"featured","15":"shipping-taxable","16":"purchasable","17":"product-type-simple"},"_links":{"self":[{"href":"https:\/\/vykmoquegua.com\/index.php\/wp-json\/wp\/v2\/product\/2275","targetHints":{"allow":["GET"]}}],"collection":[{"href":"https:\/\/vykmoquegua.com\/index.php\/wp-json\/wp\/v2\/product"}],"about":[{"href":"https:\/\/vykmoquegua.com\/index.php\/wp-json\/wp\/v2\/types\/product"}],"replies":[{"embeddable":true,"href":"https:\/\/vykmoquegua.com\/index.php\/wp-json\/wp\/v2\/comments?post=2275"}],"wp:featuredmedia":[{"embeddable":true,"href":"https:\/\/vykmoquegua.com\/index.php\/wp-json\/wp\/v2\/media\/2277"}],"wp:attachment":[{"href":"https:\/\/vykmoquegua.com\/index.php\/wp-json\/wp\/v2\/media?parent=2275"}],"wp:term":[{"taxonomy":"product_brand","embeddable":true,"href":"https:\/\/vykmoquegua.com\/index.php\/wp-json\/wp\/v2\/product_brand?post=2275"},{"taxonomy":"product_cat","embeddable":true,"href":"https:\/\/vykmoquegua.com\/index.php\/wp-json\/wp\/v2\/product_cat?post=2275"},{"taxonomy":"product_tag","embeddable":true,"href":"https:\/\/vykmoquegua.com\/index.php\/wp-json\/wp\/v2\/product_tag?post=2275"}],"curies":[{"name":"wp","href":"https:\/\/api.w.org\/{rel}","templated":true}]}}