{"id":2213,"date":"2020-08-26T05:43:35","date_gmt":"2020-08-26T05:43:35","guid":{"rendered":"http:\/\/vykmoquegua.com\/?post_type=product&#038;p=2213"},"modified":"2022-10-18T01:18:54","modified_gmt":"2022-10-18T01:18:54","slug":"tensiometro-de-pared-big-ben","status":"publish","type":"product","link":"https:\/\/vykmoquegua.com\/index.php\/producto\/tensiometro-de-pared-big-ben\/","title":{"rendered":"Tensi\u00f3metro de Pared Big Ben"},"content":{"rendered":"<p>TENSI\u00d3METRO DE APRED BIG BEN<\/p>\n<p>Origen Alemania<\/p>\n<ul>\n<li>Escala de gran tama\u00f1o con \u00d8 147mm (5,8 pulgadas) o 145mm\u00a0(5,7 pulgadas)\u00a0y excelente contraste para la mejor lectura de la escala.<\/li>\n<li>Compartimiento amplio en el lado trasero para tubos y brazalete.<\/li>\n<li>Tubo en espiral extensible hasta 3m (118,1 pulgadas).<\/li>\n<li>V\u00e1lvula de purga sin desgaste y ajuste fino.<\/li>\n<li>Membrana endurecida especial\u00a0de cobre-berilio de larga duraci\u00f3n y que soporta presiones de hasta un m\u00e1ximo de 600mmHg.<\/li>\n<li>Microfiltros que protegen la v\u00e1lvula de purga y el sistema de medici\u00f3n.<\/li>\n<li>No requiere fijaci\u00f3n del punto cero.<\/li>\n<li>Tolerancia de errores m\u00e1xima de +\/- 2mmHg.<\/li>\n<li>Validado por BHS (Sociedad Brit\u00e1nica de Hipertensi\u00f3n).<\/li>\n<\/ul>\n<p><em><strong>Modelo de pared:<\/strong><\/em><\/p>\n<ul>\n<li>Se puede girar horizontalmente a ambos lados hasta 65\u00b0.<\/li>\n<li>Soporte firme de fibra de vidrio para garantizar mayor firmeza (comparable al acero).<\/li>\n<li>F\u00e1cil transformaci\u00f3n a la versi\u00f3n de barra<\/li>\n<\/ul>\n","protected":false},"excerpt":{"rendered":"<p>Marca Riester<\/p>\n<p>&nbsp;<\/p>\n","protected":false},"featured_media":2211,"comment_status":"open","ping_status":"closed","template":"","meta":{"site-sidebar-layout":"default","site-content-layout":"default","ast-site-content-layout":"default","site-content-style":"default","site-sidebar-style":"default","ast-global-header-display":"","ast-banner-title-visibility":"","ast-main-header-display":"","ast-hfb-above-header-display":"","ast-hfb-below-header-display":"","ast-hfb-mobile-header-display":"","site-post-title":"","ast-breadcrumbs-content":"","ast-featured-img":"","footer-sml-layout":"","ast-disable-related-posts":"","theme-transparent-header-meta":"default","adv-header-id-meta":"","stick-header-meta":"","header-above-stick-meta":"","header-main-stick-meta":"","header-below-stick-meta":"","astra-migrate-meta-layouts":"default","ast-page-background-enabled":"default","ast-page-background-meta":{"desktop":{"background-color":"var(--ast-global-color-4)","background-image":"","background-repeat":"repeat","background-position":"center center","background-size":"auto","background-attachment":"scroll","background-type":"","background-media":"","overlay-type":"","overlay-color":"","overlay-opacity":"","overlay-gradient":""},"tablet":{"background-color":"","background-image":"","background-repeat":"repeat","background-position":"center center","background-size":"auto","background-attachment":"scroll","background-type":"","background-media":"","overlay-type":"","overlay-color":"","overlay-opacity":"","overlay-gradient":""},"mobile":{"background-color":"","background-image":"","background-repeat":"repeat","background-position":"center center","background-size":"auto","background-attachment":"scroll","background-type":"","background-media":"","overlay-type":"","overlay-color":"","overlay-opacity":"","overlay-gradient":""}},"ast-content-background-meta":{"desktop":{"background-color":"var(--ast-global-color-5)","background-image":"","background-repeat":"repeat","background-position":"center center","background-size":"auto","background-attachment":"scroll","background-type":"","background-media":"","overlay-type":"","overlay-color":"","overlay-opacity":"","overlay-gradient":""},"tablet":{"background-color":"var(--ast-global-color-5)","background-image":"","background-repeat":"repeat","background-position":"center center","background-size":"auto","background-attachment":"scroll","background-type":"","background-media":"","overlay-type":"","overlay-color":"","overlay-opacity":"","overlay-gradient":""},"mobile":{"background-color":"var(--ast-global-color-5)","background-image":"","background-repeat":"repeat","background-position":"center center","background-size":"auto","background-attachment":"scroll","background-type":"","background-media":"","overlay-type":"","overlay-color":"","overlay-opacity":"","overlay-gradient":""}}},"product_brand":[],"product_cat":[22],"product_tag":[],"class_list":{"0":"post-2213","1":"product","2":"type-product","3":"status-publish","4":"has-post-thumbnail","6":"product_cat-equipo-medico","7":"desktop-align-left","8":"tablet-align-left","9":"mobile-align-left","11":"first","12":"outofstock","13":"sale","14":"shipping-taxable","15":"purchasable","16":"product-type-simple"},"_links":{"self":[{"href":"https:\/\/vykmoquegua.com\/index.php\/wp-json\/wp\/v2\/product\/2213","targetHints":{"allow":["GET"]}}],"collection":[{"href":"https:\/\/vykmoquegua.com\/index.php\/wp-json\/wp\/v2\/product"}],"about":[{"href":"https:\/\/vykmoquegua.com\/index.php\/wp-json\/wp\/v2\/types\/product"}],"replies":[{"embeddable":true,"href":"https:\/\/vykmoquegua.com\/index.php\/wp-json\/wp\/v2\/comments?post=2213"}],"wp:featuredmedia":[{"embeddable":true,"href":"https:\/\/vykmoquegua.com\/index.php\/wp-json\/wp\/v2\/media\/2211"}],"wp:attachment":[{"href":"https:\/\/vykmoquegua.com\/index.php\/wp-json\/wp\/v2\/media?parent=2213"}],"wp:term":[{"taxonomy":"product_brand","embeddable":true,"href":"https:\/\/vykmoquegua.com\/index.php\/wp-json\/wp\/v2\/product_brand?post=2213"},{"taxonomy":"product_cat","embeddable":true,"href":"https:\/\/vykmoquegua.com\/index.php\/wp-json\/wp\/v2\/product_cat?post=2213"},{"taxonomy":"product_tag","embeddable":true,"href":"https:\/\/vykmoquegua.com\/index.php\/wp-json\/wp\/v2\/product_tag?post=2213"}],"curies":[{"name":"wp","href":"https:\/\/api.w.org\/{rel}","templated":true}]}}